?
7
Suppose 0 = -18*d + 9337 + 1175. Suppose 3766 = 37*n + d. What is the units digit of n?
6
Let i = 269 - 487. Let z = -117 - i. Suppose -5*h = -4*t - 354, h + 3*t + 34 = z. What is the tens digit of h?
7
Let i(p) = 9518*p**2 + 29*p - 2. What is the tens digit of i(-1)?
8
Let p(l) = 168*l**2 - 176*l - 2611. What is the tens digit of p(-14)?
8
Suppose m + 423 - 1364 - 11946 = 0. What is the ten thousands digit of m?
1
Let v(s) = -s**2 + 9*s + 102. Let r(l) = -l + 7. Let f be r(-2). What is the hundreds digit of v(f)?
1
Let c(a) = -10*a - 26. Let v(w) = -9*w - 25. Let b(u) = 3*c(u) - 4*v(u). Let n be b(-7). What is the tens digit of (-1)/(-4) - 555/n?
2
What is the hundreds digit of ((-2436)/(-210))/(2/2120)?
2
Suppose -5*z + 1739 = b, 3*b = z + 8188 - 2987. What is the tens digit of b?
3
Let a(b) = -b**2 + 5*b + 28. Let p be a(9). Let s be 0/((-3)/6 - 28/p). Suppose 433 = 4*r + 5*j - s*j, 388 = 4*r - 4*j. What is the tens digit of r?
0
Let l = -5 - -2. Suppose -11*a = -13*a - 30. What is the tens digit of (-1770)/a*l/(-2)?
7
Suppose -6*u + u + 15 = 0. Let d be (-4 - (2 - u))*-15 - 0. Suppose -d - 157 = -2*f. What is the tens digit of f?
0
Let n = -59 - -56. Let x be (37 - 0) + n + 5. What is the units digit of 26/8 + (x/12)/(-13)?
3
Suppose 10*k = -11*k - 0*k + 9975. What is the hundreds digit of k?
4
Let k(f) = -f**2 + 16*f - 11. Let r(b) be the first derivative of b**3 - b**2 - b + 27. Let c be r(-2). What is the units digit of k(c)?
4
Suppose 0 = 13*r + 20*r - 500709. What is the ten thousands digit of r?
1
Let n(j) = 277*j - 85. Let s be n(6). Suppose -s = -5*v - 2*k + k, -2*v + 3*k + 624 = 0. What is the units digit of v?
5
Suppose 0 = -5*h - 2*t + 4677 + 3913, 0 = h + 4*t - 1736. Suppose -h = -42*n + 36*n. What is the tens digit of n?
8
Let m be (4/(-10))/((-10)/500). Let n(h) = -2*h**2 + 40*h + 2. Let f be n(m). Suppose -w = j - 2*j + 24, -f*w + 9 = j. What is the tens digit of j?
1
Suppose -2*k = 6*k - 2280. Suppose -k = -17*y + 22*y. Let n = y + 130. What is the tens digit of n?
7
Suppose 4*f + 7 + 5 = 0, x - 1082 = 3*f. What is the units digit of x?
3
Suppose 123*t = 148*t - 267475. What is the ten thousands digit of t?
1
Suppose -4481 = -53*t + 228189. What is the thousands digit of t?
4
Suppose x = -3*a + 22, 0 = -4*x - a + 2*a + 36. Let b(q) = x + q - 6*q - 7*q - 2*q. What is the units digit of b(-5)?
0
Let c(f) = 13*f + 75. Let b(a) = -25*a - 150. Let x(l) = 3*b(l) + 5*c(l). What is the tens digit of x(-26)?
8
Let l(w) = 2*w**2 - 6*w - 15. Let g = 74 + -68. Let d be l(g). Suppose d*t - 19*t - 12 = 0. What is the units digit of t?
6
Let h be (4/2)/((-11)/(-88)). Let q be 1355/(-20) - (-12)/h. Let z = -10 - q. What is the tens digit of z?
5
Suppose 16*m + 45 = 25*m. Suppose 0 = 2*z + 4*y - 1620, -1219 = -m*z + y + 2842. What is the tens digit of z?
1
Suppose 84*i - 63*i - 31458 = 0. What is the units digit of i?
8
Let t(z) = 11*z + 12. Let p be t(1). Let q = p - -71. What is the units digit of q?
4
Suppose -m - 5 = -0, 0 = -4*h + 4*m. Let q be 6/(-15)*h + -59. Let a = q + 76. What is the tens digit of a?
1
Suppose -2*p - 5248 = -r, 4877 - 31090 = -5*r + p. What is the tens digit of r?
4
Let t be -4*35/2*(-30)/(-25). What is the tens digit of (4 - (t/(-9) + 0))*-3?
1
Suppose -5*p + 3*c + 100606 = 15278, 0 = -5*p + 2*c + 85332. What is the tens digit of p?
6
Let x be ((-4)/2)/((-10)/25). Suppose -h + x = 10. Let k = h + 28. What is the units digit of k?
3
What is the hundreds digit of 223 + 2316 + 1 + -3?
5
Let c = 16090 + -6513. Suppose -c - 9663 = -20*g. What is the units digit of g?
2
What is the hundreds digit of (-7)/((-119)/(-187)) - -32126?
1
Let z = 33 + -24. Suppose 6*q - z*q = -60. Suppose q = 2*a - 2*b - 14, 97 = 5*a - b. What is the units digit of a?
0
Suppose -3*j = 2*c - 18, -2*c - j - j = -14. Suppose 2*q + 460 = m, -460 = c*m - 4*q - 1840. What is the hundreds digit of m?
4
Let m(l) = 5*l + 22. Suppose -3*j = -5*n - 29, 0 = 2*n + n - 5*j + 27. Let t be m(n). What is the units digit of (t - (-6)/(-2))/(3/(-225))?
5
Let r(k) = -11*k**3 + 6*k + 5. Let n be r(-1). What is the units digit of n/(-25)*5 + 467?
5
Let j(i) = -i. Let p(w) = 8. Let q(u) = -6*j(u) - p(u). Let s be q(4). Suppose 13*a + 18 = s*a. What is the units digit of a?
6
Let y(t) = 3*t - 74. Let s be y(0). Let p = s + 73. Let r(d) = -127*d**3 - 2*d**2 + 1. What is the hundreds digit of r(p)?
1
Let s be -8*7/(-140) + 1906/10. Suppose -s = -4*f - 4*i + 2101, 0 = 5*i - 20. What is the units digit of f?
9
Let i(b) = b**3 - 5*b**2 + 2*b + 2. Let l be i(1). Suppose l = 27*t - 8104 - 40658. What is the units digit of t?
6
Suppose -8*b + 5886 = -1186. Suppose 304 + b = 3*f. What is the tens digit of f?
9
Suppose -46*g = -g + 12205 - 134920. What is the thousands digit of g?
2
Let p be (-8678)/(-8) - (232/(-32) + 7). Let o = 1655 - p. What is the hundreds digit of o?
5
Let c = 15155 + -5815. What is the hundreds digit of c?
3
What is the tens digit of ((-6)/(-4))/(23222460/1548160 - 15)?
0
Let u(t) = -9*t - 41. Suppose 5*d - 7 = -47. Let v be u(d). Let h = v - 4. What is the units digit of h?
7
Let i be (-2 - (-10)/(-4))*(-3 - -9). Let z be i*(-6 - -2)/12. What is the units digit of z/15 - (-127)/5?
6
Let t = 7961 + -2312. What is the hundreds digit of t?
6
Let c = -972 + 1902. Suppose -2*v + 2*o + 1830 = 0, -v + o = 3*o - c. Suppose v - 206 = 7*p. What is the units digit of p?
2
Let v(j) = 164*j**2 + 37*j + 136. What is the thousands digit of v(-7)?
7
Let g be ((-2 + 23)/7)/(9 - 10). Let y be 99*(0 + -1)*1. What is the tens digit of g/(y/(-6)) + 2191/11?
9
What is the thousands digit of (-214)/321*(-6)/(-8) - 22366/(-4)?
5
Let r = 35 - 33. Suppose -r*x = -3*x - 1. What is the hundreds digit of (-114)/(x + -2 - -2)?
1
Suppose 5*u - 11 = -m + 36, -m + 51 = 3*u. Suppose 1647 = 60*d - m*d. What is the tens digit of d?
4
Let d = 3922 - 1794. Suppose 8*v = 7936 - d. Suppose v = 6*s + 198. What is the units digit of s?
8
Let s = -837 + 3502. Suppose 5*d + s = 5*x, x = -2*x - 3*d + 1587. What is the units digit of x?
1
Suppose -148309 = 30*g - 429320 - 356009. What is the tens digit of g?
3
Let c(z) = -2*z**3 + 9*z**2 - 5*z + 7. Let r be c(3). Let i = 462 + r. What is the hundreds digit of i?
4
Let u = 68 - -1220. Let w = u + -739. What is the tens digit of w?
4
Suppose 91*n + 175173 - 600052 = 0. What is the thousands digit of n?
4
Let p = 46 - 41. Suppose -5*z + 3*h = -13, 6*z - h = p*z + 3. Suppose -3*q - 131 = -5*s, -z*s - 2*q + 60 = -7*q. What is the units digit of s?
5
Let f(t) = 20*t**2 + 13*t**3 + 0 + 3 - 12*t**3. Let g be f(-20). Suppose -385 = -g*j - 124. What is the tens digit of j?
8
What is the ten thousands digit of 4/((-144)/180) - (-12152 - (0 - 0))?
1
Suppose -5*l + 388 = -252. Suppose -3*t = j - 8, 14*j - 7 = -2*t + 25. Suppose -186 - l = -j*q. What is the tens digit of q?
5
What is the hundreds digit of -17 + (28312 - (-204)/12)?
3
Let j = 53 - 94. Let t = 129 + j. Let h = t + 32. What is the tens digit of h?
2
Suppose d = 3, 3*t + 42979 = 7*t + d. What is the ten thousands digit of t?
1
Suppose -8*k = 14*k - 33484. Suppose 4*z - 2*a = 3056, 2*z + 4*a = 4*z - k. What is the tens digit of z?
6
Let b = 22558 - 10064. What is the units digit of b?
4
Let v = -249 - -261. Suppose 5*g - 4595 = 2*t, -13*g + 2*t = -v*g - 927. What is the hundreds digit of g?
9
Let s = 84 - 156. Let t = 77 + s. Suppose -t*g + u = -8*g + 304, 0 = 2*g + 2*u - 204. What is the hundreds digit of g?
1
Suppose 0*k - 4*s = 5*k + 37, 4*k + 5*s = -26. Let n be 2028/k*(-5)/((-30)/(-27)). Suppose -13*w + 19*w = n. What is the tens digit of w?
6
Let r = 63384 + -24877. What is the thousands digit of r?
8
Let p(g) = 6*g**2 - 22*g + 9. Let j be p(-9). Suppose 2340 = 696*x - j*x. What is the units digit of x?
0
Suppose 15*d = 27*d - 264. Let o(r) = -2*r**3 + 42*r**2 + 52*r + 39. What is the hundreds digit of o(d)?
2
Suppose 62 = -10*s + 12. What is the units digit of (-530)/s*(0 + -1 + 3)?
2
Let a = -127 + 141. Suppose -12*i - 342 = -a*i. What is the tens digit of i?
7
Let b = -122 - -122. Suppose b = 6*s - 54 + 2280. Let z = 625 + s. What is the tens digit of z?
5
Let b(n) = 33*n**2 + 47*n**2 - 67*n**2 + 76*n - 78*n + 1. What is the units digit of b(1)?
2
Suppose 15*r - 13*r - q - 709 = 0